te z(-12).
-2
Let p(r) = 17*r**3 + 2*r**2 + 3*r + 2. Suppose -101*m - 2 = 99. Determine p(m).
-16
Let o(s) = -2*s**3 - 6*s**2 + 7*s - 10. Let v(t) = -t**3 - 3*t**2 + 4*t - 5. Let l(z) = -4*o(z) + 7*v(z). Let a(g) = -g - 13. Let b be a(-9). Calculate l(b).
-11
Let x(m) = m**3 + 3*m**2 + 1. Suppose 5*i + 5 = 3*w, -3*w - 11 = -i - 0*w. Let a be 430/30 + i/(-6). Suppose 3*g - a = 8*g. Give x(g).
1
Let x be 0/(-3) - (4 + 2). Let q(i) = i**3 + 7*i**2 + 6*i + 2. What is q(x)?
2
Suppose -3*w = -4 - 11. Let f(c) = -10 - w + 20 - c. Calculate f(6).
-1
Let k be 0 + -5 - -3 - -4. Let w(a) = 2 - 1 - 8*a + 4*a**2 - 5*a**k. Give w(-7).
8
Let c = -323 - -320. Let h(z) = z**3 - z - 5. Calculate h(c).
-29
Let t(k) be the first derivative of k**3/6 - k**2/2 - k + 6. Let b(r) be the first derivative of t(r). Determine b(4).
3
Let o(m) = -11*m + 13*m - m - 6 - 2*m. Let h = 3 - 9. What is o(h)?
0
Let b be (6/18)/(1/12*1). Suppose b*t + 9 = 5. Let m(f) = 2*f**2 + 1. What is m(t)?
3
Let q(r) = r**2 + 14*r - 29. Let f be q(-16). Suppose f*t - 48 + 36 = 0. Let y(h) = -3*h + 6. Give y(t).
-6
Let k(m) be the second derivative of m**4/12 + m**3/3 - m**2/2 - 25*m. Let a(g) be the first derivative of k(g). Determine a(-3).
-4
Let j(o) be the second derivative of -1/3*o**3 + 0 - o**2 + 23*o. Calculate j(-5).
8
Let q be (-1)/((-3)/(-66)) + -2. Let b = q - -25. Let s(w) = -6*w**3 - w**2 - w + 1. Give s(b).
-7
Suppose 0*r = -3*r - 21. Let l = -167 - -162. Let f(x) = -6*x - 2. Let d(u) = -5*u - 1. Let b(a) = l*d(a) + 4*f(a). Give b(r).
-10
Let c(m) = -7*m - 1. Let d = 158 + -76. Suppose 2*k = d - 80. Calculate c(k).
-8
Suppose 8*w - 29 = 27. Let v(b) = 2*b + b - 6*b**2 + b**3 - 9*b. Calculate v(w).
7
Let n(w) be the first derivative of 0*w + 5/24*w**4 + 1/60*w**5 + 8/3*w**3 - 10 + 0*w**2. Let j(b) be the third derivative of n(b). Determine j(-4).
-3
Let d(t) = t + 2. Let s(k) = k**3 + 3*k**2 - 2*k + 3. Let p be 44/(-12) + 1/(-3). Let l be s(p). Let g = l - -8. Calculate d(g).
5
Let l(x) = 3*x - 2*x - 2*x**2 - 8*x - 5*x. Let d(p) = 2*p**2 + 13*p - 1. Let t(q) = -3*d(q) - 4*l(q). Give t(-6).
21
Suppose -5*i + 20 = 5. Let j(r) = 4*r - i*r**2 - 5 + 2*r**2 + 4*r. Suppose 5*p - 8*m - 10 = -11*m, p = -m. What is j(p)?
10
Let r(m) = 29*m - 6*m + 1 - 9*m - 11*m. Determine r(-7).
-20
Suppose -95 - 165 = -13*l. Let x(f) = -2*f**2 + 41*f - 27. Give x(l).
-7
Let x(b) = 7 + 28*b - 39*b + 16*b. What is x(-7)?
-28
Let r(o) = -9 + 26*o + 21 - 6*o**2 + 32*o + 0*o**2 + o**3 - 60*o. What is r(6)?
0
Let a(x) be the second derivative of -x**7/2520 + x**6/240 - x**5/120 - x**4/2 - 5*x. Let h(g) be the third derivative of a(g). What is h(4)?
-5
Let c(t) = t + 6. Let j be c(-6). Let i(p) = 67 - 65 - 2*p + p**2 - 3*p**2 + j*p**2. Let a(g) = g + 4. Let s be a(-6). Determine i(s).
-2
Let a(j) = -j**3 + j + 3. Suppose 2*x - 16 = -o, 11*x - 50 = -3*o + 6*x. Suppose 0 = 2*k + 6, 94 = 2*t + 3*t + 2*k. Let r = o - t. Calculate a(r).
3
Let k(h) be the second derivative of -h**5/20 + 5*h**4/12 - h**3/3 + 3*h**2 - 12*h - 1. Suppose -2*j + 4*j = -16. Let o = -3 - j. Calculate k(o).
-4
Let d(b) = -b + 1. Let h(n) = n**2 - n - 4. Let v be h(0). Let u(i) = -i + i**2 + 5*i - 1 + 2. Let l be u(v). Determine d(l).
0
Let t(d) = -d**3 + 7*d**2 - 8*d + 5. Let n(r) be the first derivative of 2*r**3 + r**2/2 + r - 12. Let p be n(-1). Calculate t(p).
-7
Let x(i) = -i - 9*i + 15*i + 9 - 4*i. Calculate x(-8).
1
Let r(a) = a**3 + 14*a**2 + 8*a + 7. Let y(b) = -b**3 - 15*b**2 - 7*b - 7. Let d(h) = -4*r(h) - 3*y(h). Calculate d(-10).
3
Let b(g) = -g**3 + 7*g**2 - 4*g + 3. Let u be 1*6 + -37 + 38. What is b(u)?
-25
Let l be (-3)/(-6 + (-3 - -10)). Let u(p) = -6*p**2 - 4*p - 3. Determine u(l).
-45
Let x = -218 + 213. Let d(f) = -2*f + 5. Calculate d(x).
15
Let k = -9 + 13. Let x(c) = k*c - 4*c - 2 + 4 + c**2. Determine x(0).
2
Let n(s) = -s. Suppose -54 = -0*l - 2*l. Let g = -22 + -6. Let d = g + l. What is n(d)?
1
Suppose 9*b - 84 = 2*b. Let i = 15 - b. Let m be 15/(-27)*-3*i. Let s(g) = g**2 - 5*g. What is s(m)?
0
Suppose 2*y - 2*w - 4 - 4 = 0, -2*y + w = -7. Let n be 13/y - (-4)/(-3). Let s(c) = -1 + 1 - 1 + 4 + n*c - c**2. What is s(5)?
-7
Let v(p) = -82*p + 5*p**3 + 7*p**2 - 4*p**3 - 4 + 74*p. Determine v(-8).
-4
Let q(t) be the third derivative of -t**6/120 - 7*t**5/60 - t**4/4 + 7*t**3/6 - 56*t**2. Give q(-5).
-13
Let k be (-21)/147 + (-22)/(-7). Let r(j) = 5*j**2 + 3. Let q(v) = v**2 + v + 1. Let s(m) = 3*q(m) - r(m). Calculate s(k).
-9
Suppose 72 = -976*u + 985*u. Let k(w) = -w**2 + 7*w - 9. Give k(u).
-17
Let z(x) = -13*x**2 + 2*x + 1. Let t be (8 + 0 - 0) + -3. Suppose 0 = 5*g + t*i, g + i = 5*i - 5. What is z(g)?
-14
Let c(o) = -o**2 + 2*o + 4. Suppose l + 4*f = 26 - 70, 162 = -4*l - 2*f. Let t = -36 - l. What is c(t)?
-4
Let r(u) be the first derivative of -4*u**3/3 - u**2 + u + 114. Suppose 5 = f + 6*a - 2*a, 0 = f + 5*a - 6. Give r(f).
-5
Let w(j) = -58 - 2*j + 36 + 26. Determine w(4).
-4
Let j(q) = -5*q**3 + 3*q**2 + 12*q + 5. Let h(b) = 6*b**3 - 2*b**2 - 13*b - 5. Let a(z) = -4*h(z) - 5*j(z). Calculate a(8).
-5
Let t be -1*(2 - 8) - 1. Suppose 0 = 2*k + z - 4, -k = 4*k - 5*z - 10. Suppose 3 = -w - r, t*w + k*r + 21 = -0*r. Let o(h) = -2*h + 2. Calculate o(w).
12
Let o(u) = u**3 + 7*u**2 + u + 9. Let m be o(-7). Let k be ((-60)/(-100))/((-1)/(-5)). Let b(f) = -3*f - 5*f**3 - 4*f**m + f**3 + k*f**3. Determine b(-4).
12
Let v(z) = 2 - 1 - 2*z + 2*z + z. Let l be v(3). Let s(q) = q**2 - 2*q - 5. Determine s(l).
3
Let q(u) = u**2 + u + 4. Let d = 349 + -352. Calculate q(d).
10
Let p(z) be the second derivative of -z**5/20 + z**4/4 + z**3/6 + z**2 - 42*z. Let q be 2/2 + 6 - 3. Determine p(q).
-10
Suppose -2*i + 3*r + 16 = 0, -2*r + 5*r + 6 = 0. Let m(p) = -2*p**2 - 1. Determine m(i).
-51
Let s(y) = y**2 - 7942 + 15880 + 3*y - 7943. Suppose -2 = 2*u + 3*h, 2*u - 2*h = h - 14. Give s(u).
-1
Let v(z) = -2*z - 2. Let t(w) = w**2 - 8*w - 14. Suppose 0 = -2*l + 5 + 13. Let m be t(l). What is v(m)?
8
Let u(z) = -1 - z**2 + 1 + 4 + 3*z. Let c(q) = 7*q - 7. Let k be c(4). Let h be (k/(-28))/(-1*1/4). Determine u(h).
4
Let t be -2*(-4 - 0)/4. Suppose -t*i - 12 = 2*i. Let n(g) = g**3 + 3*g**2 - 5*g - 4. Calculate n(i).
11
Let z(r) = -2*r - 8. Let g(u) = -4*u - 16. Let a(v) = 3*g(v) - 5*z(v). Let c(t) = t**3 + 12*t**2 + 19*t - 16. Let f be c(-10). Calculate a(f).
4
Let m(n) = -2*n**2 - 2*n. Suppose 2*p = -8, 3*d + 4*p + 10 = -0*p. Determine m(d).
-12
Let m(c) = 2*c - 15*c + 1 + 15*c + 4 + 3. Determine m(-9).
-10
Let c(q) = 2*q + 1. Let y(x) = -x**3 + 7*x**2 - 15*x + 22. Let b be y(5). Calculate c(b).
-5
Let y(c) = 0*c - 7*c + 2 - 7*c + 13*c - 23. Determine y(-12).
-9
Let a(g) be the third derivative of -3*g**4/8 - g**3/3 - 3*g**2 - 20*g. Calculate a(-2).
16
Let y(d) = 4*d - 43. Let r be y(12). Let p(i) = 4*i**3 + 8*i**2 - 4*i - 6. Let q(m) = 3*m**3 + 7*m**2 - 3*m - 5. Let u(z) = r*q(z) - 4*p(z). What is u(2)?
5
Suppose -16 + 4 = m. Let c = 2 - m. Let g(k) = 3*k - k - 16 + c. Give g(6).
10
Let f(l) = 4*l - 17. Let k(s) = -4*s + 18. Let x(h) = 7*f(h) + 6*k(h). Let g be x(4). Let i(m) = m - 2. Calculate i(g).
3
Let r = -3 - 3. Let u(i) = -2*i**2 + 8*i + 3. Let f(t) be the first derivative of t**3/3 - 4*t**2 - 4*t - 21. Let v(p) = -3*f(p) - 2*u(p). Give v(r).
-6
Let m(a) = 8*a**2 + a - 1. Suppose 2*c = 2*n - 14, n = 3*c + 13 + 4. Suppose -n*y - 3*y = 0. Suppose y = -f, -v - 5*f + 5 = 4*v. Calculate m(v).
8
Let s(b) be the third derivative of 0 + 1/6*b**3 + 0*b - 15*b**2 - 1/8*b**4. Determine s(-2).
7
Suppose 32*b - 28*b = -4*k, b - 2*k - 12 = 0. Let u(g) = -5*g - 9. Let v(z) = -3*z - 6. Let q(j) = 5*u(j) - 8*v(j). What is q(b)?
-1
Suppose -o - 20 = -6*o. Let s(j) be the third derivative of j**4/24 + 34*j**2. Give s(o).
4
Let x be 0 + (-4)/(16/(-20)). Suppose 0 = -v + x*t - 7 + 2, -t = 3*v + 15. Let j(f) = -2*f**2 + 6 + 3*f**2 + 0 + 7*f - 2. What is j(v)?
-6
Let g(p) = -5*p + 15. Let w(u) = -u**2 - 25*u - 30. Let a be w(-24). Let v(x) = 4*x - 14. Let o(c) = a*v(c) - 5*g(c). What is o(-4)?
5
Let l(h) be the first derivative of h**2/2 + 3*h - 36. Give l(14).
17
Let f(i) = 3*i**2 - 5*i + 2. Let n = 88 + -85. Suppose 18 = -y + 4*y - 3*k, -n*k = -2*y + 15. Calculate f(y).
14
Let c = 0 + 4. Suppose 27 + 5 = c*r. Suppose -6*l = -2*l - r. Let